s digit of 1632?
2
What is the tens digit of 9121?
2
What is the thousands digit of 1523?
1
What is the hundreds digit of 56603?
6
What is the units digit of 3530?
0
What is the units digit of 710?
0
What is the tens digit of 1278?
7
What is the hundreds digit of 4460?
4
What is the thousands digit of 113346?
3
What is the units digit of 676?
6
What is the units digit of 2133?
3
What is the thousands digit of 100341?
0
What is the units digit of 658?
8
What is the hundreds digit of 1463?
4
What is the units digit of 50773?
3
What is the thousands digit of 28855?
8
What is the ten thousands digit of 24624?
2
What is the hundreds digit of 4763?
7
What is the tens digit of 7014?
1
What is the hundreds digit of 369?
3
What is the tens digit of 35?
3
What is the ten thousands digit of 43538?
4
What is the hundreds digit of 8032?
0
What is the hundreds digit of 1478?
4
What is the thousands digit of 23836?
3
What is the hundreds digit of 609?
6
What is the hundreds digit of 46344?
3
What is the units digit of 731?
1
What is the hundreds digit of 335?
3
What is the ten thousands digit of 79880?
7
What is the units digit of 2049?
9
What is the tens digit of 3823?
2
What is the tens digit of 2506?
0
What is the ten thousands digit of 24974?
2
What is the hundreds digit of 34080?
0
What is the thousands digit of 4445?
4
What is the ten thousands digit of 63428?
6
What is the hundreds digit of 436?
4
What is the hundreds digit of 1913?
9
What is the units digit of 50482?
2
What is the tens digit of 16954?
5
What is the units digit of 44398?
8
What is the thousands digit of 6067?
6
What is the hundreds digit of 28338?
3
What is the tens digit of 19212?
1
What is the hundreds digit of 5311?
3
What is the units digit of 353?
3
What is the thousands digit of 9956?
9
What is the tens digit of 12395?
9
What is the tens digit of 2119?
1
What is the thousands digit of 67702?
7
What is the hundreds digit of 36537?
5
What is the ten thousands digit of 34198?
3
What is the hundreds digit of 158?
1
What is the hundreds digit of 7696?
6
What is the thousands digit of 2539?
2
What is the ten thousands digit of 39475?
3
What is the hundreds digit of 9851?
8
What is the units digit of 57337?
7
What is the tens digit of 6841?
4
What is the units digit of 13261?
1
What is the thousands digit of 1895?
1
What is the tens digit of 95542?
4
What is the thousands digit of 11906?
1
What is the units digit of 9681?
1
What is the units digit of 9258?
8
What is the units digit of 3?
3
What is the units digit of 1084?
4
What is the thousands digit of 3541?
3
What is the units digit of 1572?
2
What is the units digit of 376?
6
What is the tens digit of 178?
7
What is the hundreds digit of 2181?
1
What is the units digit of 158828?
8
What is the ten thousands digit of 37129?
3
What is the thousands digit of 7196?
7
What is the units digit of 36870?
0
What is the thousands digit of 11031?
1
What is the thousands digit of 31455?
1
What is the units digit of 17175?
5
What is the hundreds digit of 6793?
7
What is the thousands digit of 24682?
4
What is the hundreds digit of 1133?
1
What is the hundreds digit of 2044?
0
What is the units digit of 843?
3
What is the units digit of 817?
7
What is the hundreds digit of 8207?
2
What is the tens digit of 6477?
7
What is the tens digit of 213?
1
What is the thousands digit of 1634?
1
What is the thousands digit of 65225?
5
What is the thousands digit of 4784?
4
What is the ten thousands digit of 21744?
2
What is the units digit of 426?
6
What is the thousands digit of 2385?
2
What is the units digit of 35903?
3
What is the tens digit of 30064?
6
What is the hundreds digit of 428?
4
What is the units digit of 39585?
5
What is the tens digit of 4153?
5
What is the tens digit of 290?
9
What is the hundreds digit of 71100?
1
What is the tens digit of 2289?
8
What is the units digit of 9163?
3
What is the tens digit of 29526?
2
What is the thousands digit of 1513?
1
What is the tens digit of 1913?
1
What is the tens digit of 36297?
9
What is the hundreds digit of 29617?
6
What is the ten thousands digit of 22431?
2
What is the tens digit of 88719?
1
What is the units digit of 1849?
9
What is the hundreds digit of 1799?
7
What is the thousands digit of 40319?
0
What is the ten thousands digit of 32555?
3
What is the tens digit of 39706?
0
What is the thousands digit of 35351?
5
What is the hundreds digit of 3463?
4
What is the units digit of 1682?
2
What is the tens digit of 580?
8
What is the tens digit of 630?
3
What is the tens digit of 1567?
6
What is the hundreds digit of 17246?
2
What is the hundreds digit of 27988?
9
What is the thousands digit of 3238?
3
What is the hundreds digit of 2454?
4
What is the tens digit of 648?
4
What is the tens digit of 8415?
1
What is the tens digit of 9911?
1
What is the hundreds digit of 432?
4
What is the units digit of 648?
8
What is the thousands digit of 7208?
7
What is the thousands digit of 1446?
1
What is the tens digit of 39157?
5
What is the hundreds digit of 4442?
4
What is the ten thousands digit of 14651?
1
What is the tens digit of 2581?
8
What is the tens digit of 416?
1
What is the hundreds digit of 16542?
5
What is the hundred thousands digit of 153595?
1
What is the thousands digit of 2699?
2
What is the hundreds digit of 14595?
5
What is the tens digit of 3038?
3
What is the units digit of 18391?
1
What is the hundreds digit of 53131?
1
What is the tens digit of 1513?
1
What is the thousands digit of 47692?
7
What is the tens digit of 195?
9
What is the thousands digit of 125948?
5
What is the tens digit of 2311?
1
What is the hundreds digit of 472?
4
What is the tens digit of 366?
6
What is the tens digit of 165488?
8
What is the hundreds digit of 108008?
0
What is the tens digit of 58523?
2
What is the thousands digit of 64793?
4
What is the tens digit of 29172?
7
What is the units digit of 39533?
3
What is the hundreds digit of 57351?
3
What is the units digit of 4366?
6
What is the units digit of 575?
5
What is the hundreds digit of 14595?
5
What is the units digit of 960?
0
What is the tens digit of 188?
8
What is the units digit of 6561?
1
What is the hundreds digit of 1918?
9
What is the hundreds digit of 2400?
4
What is the thousands digit of 21773?
1
What is the units digit of 4326?
6
What is the tens digit of 10974?
7
What is the tens digit of 371?
7
What is the thousands digit of 9620?
9
What is the tens digit of 35180?
8
What is the tens digit of 1405?
0
What is the hundreds digit of 7204?
2
What is the thousands digit of 8752?
8
What is the hundreds digit of 10872?
8
What is the thousands digit of 2314?
2
What is the tens digit of 1029?
2
What is the tens digit of 23998?
9
What is the tens digit of 321?
2
What is the units digit of 501?
1
What is the tens digit of 15190?
9
What is the tens digit of 2047?
4
What is the units digit of 319?
9
What is the thousands digit of 13213?
3
What is the tens digit of 3151?
5
What is the hundreds digit of 20716?
7
What is the hundreds digit of 1832?
8
What is the hundreds digit of 18365?
3
What is the hundreds digit of 793?
7
What is the tens digit of 1399?
9
What is the hundreds digit of 632?
6
What is the hundreds digit of 6448?
4
What is the thousands digit of 5099?
5
What is the thousands digit of 2345?
2
What is the thousands digit of 3630?
3
What is the units digit of 2829?
9
What is the hundreds digit of 49489?
4
What is the thousands digit of 131118?
1
What is the tens digit of 161478?
7
What is the tens digit of 96?
9
What is the hundreds digit of 15969?
9
What is the units digit of 694?
4
What is the tens digit of 21?
2
What is the hundreds digit of 16457?
4
What is the tens digit of 40525?
2
What is the units digit of 91?
1
What is the hundred thousands digit of 174899?
1
What is the thousands digit of 1113?
1
What is the hundreds digit of 3501?
5
What is the tens digit of 1024?
2
What is the hundreds digit of 12672?
6
What is the units digit of 4222?
2
What is the hundreds digit of 430?
4
What is the hundreds digit of 2828?
8
What is the thousands digit of 2992?
2
What is the tens digit of 29516?
1
What is the tens digit of 134089?
8
What is the hundreds digit of 1760?
7
What is the thousands digit of 3770?
3
What is the hundr